 a(x) = 12*x**2 - 41*x + 11. Calculate a(5).
106
Let d(b) = b**2 + 122*b - 5301. Give d(-156).
3
Let n(k) = -3*k**2 + 16*k + 1773. Give n(27).
18
Let m(y) = y**2 + 331*y + 1612. What is m(-5)?
-18
Let u(n) = 17*n**3 - 1410*n**2 - 81*n - 171. Give u(83).
-5
Let w(i) = i**2 - 10*i - 19. Give w(12).
5
Let k(v) = 329*v + 11557. Determine k(-35).
42
Let u(v) = 387*v + 28242. What is u(-73)?
-9
Let j(k) = 50*k + 693. Give j(-5).
443
Let o(p) = -p**2 + 36*p - 71. Give o(31).
84
Let m(p) = 162*p**3 + p**2 - p - 3. What is m(-1)?
-163
Let w(h) = -3*h**3 - 89*h**2 + 36*h + 175. What is w(-30)?
-5
Let l(r) = 4*r**2 - 29*r - 260. What is l(-5)?
-15
Let j(a) = -2*a**3 + 40*a**2 + 8*a - 169. What is j(20)?
-9
Let c(x) = -47*x - 242. Determine c(5).
-477
Let p(h) = -h**3 - 12*h**2 + 66*h + 23. Give p(-16).
-9
Let o(f) = -19*f**2 - 65*f - 302. Give o(-5).
-452
Let f(i) = -i**3 - 10*i**2 - 19*i - 772. What is f(-13)?
-18
Let z(c) = c**3 + 4*c**2 + 13*c + 164. What is z(-6)?
14
Let a(k) = -10*k**2 - 2596*k + 1047. Determine a(-260).
7
Let a(z) = 10*z - 325. Calculate a(49).
165
Let b(k) = -244*k + 1613. What is b(10)?
-827
Let g(l) = -2*l**3 - 26*l**2 - 11*l - 34. Calculate g(-13).
109
Let d(z) = 20*z**3 - 64*z**2 - 10*z + 74. Give d(3).
8
Let x(p) = -19*p**2 + 235*p - 102. Determine x(12).
-18
Let b(n) = -47*n + 1774. Calculate b(38).
-12
Let d(x) = -x**2 - 97*x - 198. Give d(-2).
-8
Let s(h) = 2148*h + 6455. Determine s(-3).
11
Let x(d) = -2055*d - 8216. Give x(-4).
4
Let h(s) = 327*s - 254. Calculate h(1).
73
Let t(y) = 2*y**3 + 22*y**2 + 12*y - 84. Calculate t(-10).
-4
Let g(f) = -206*f + 11296. Calculate g(55).
-34
Let s(t) = 86*t**2 - 131*t + 33. What is s(2)?
115
Let v(b) = -45*b - 1443. Calculate v(-34).
87
Let c(o) = o**2 + 39*o - 246. Calculate c(-45).
24
Let m(r) = -1209*r - 12088. What is m(-10)?
2
Let d(h) = h**3 - 11*h**2 - 51*h + 201. Calculate d(15).
336
Let a(c) = 2*c**2 + 267*c - 1371. What is a(5)?
14
Let q(f) = -2*f**3 + 22*f**2 + 21*f + 34. Calculate q(12).
-2
Let r(h) = -2*h**2 + 211*h - 4900. Determine r(36).
104
Let i(z) = 53*z - 622. Give i(15).
173
Let g(u) = -4*u**3 + 2*u**2 + 2*u - 42. Calculate g(0).
-42
Let v(j) = -2*j**2 - 645*j - 4415. Calculate v(-7).
2
Let j(t) = t**2 - 42*t - 251. What is j(47)?
-16
Let g(q) = -2*q**3 + 14*q**2 - 17*q - 2. Determine g(7).
-121
Let r(n) = -3*n**2 - 369*n - 9400. Give r(-36).
-4
Let v(d) = -19*d**3 - 13*d**2 + d + 15. Determine v(-3).
408
Let s(p) = 133*p + 658. Determine s(-5).
-7
Let g(q) = -q**2 + 189*q - 2763. Give g(16).
5
Let f(r) = -83*r + 140. Give f(2).
-26
Let c(u) = -505*u + 2527. Determine c(5).
2
Let x(d) = d**2 + 42*d - 1091. Give x(18).
-11
Let h(p) = -p**3 - 20*p**2 - 11*p - 54. Give h(-18).
-504
Let l(m) = 2*m**3 - 33*m**2 - 13*m - 16. Determine l(17).
52
Let z(b) = 52*b + 1096. Determine z(-24).
-152
Let h(s) = 23*s - 655. Give h(46).
403
Let z(i) = -i**3 + 3*i**2 + 21*i + 8. What is z(7)?
-41
Let i(o) = -3*o**3 - 61*o**2 - 18*o + 65. Give i(-20).
25
Let j(h) = 265*h - 32096. Give j(121).
-31
Let q(f) = -13*f**2 - 88*f + 221. Calculate q(2).
-7
Let v(m) = -m**3 - 4*m**2 - 22*m - 138. Give v(-5).
-3
Let z(v) = 3*v**3 - v**2 + 8*v - 14. Determine z(2).
22
Let p(t) = 2*t**3 - 34*t**2 + 85*t + 1. Give p(14).
15
Let u(r) = -r**2 - 10*r + 8. Give u(-11).
-3
Let h(i) = i**3 - 13*i**2 - 35*i - 3. Calculate h(16).
205
Let z(k) = 2*k**2 - 275*k + 2954. Calculate z(126).
56
Let d(k) = 21*k**3 - 2*k**2 - 9*k + 14. Give d(2).
156
Let k(y) = -6997*y + 27987. Determine k(4).
-1
Let k(p) = -2*p**2 + 61*p - 326. Give k(28).
-186
Let w(r) = 103*r + 607. Calculate w(-11).
-526
Let h(w) = w**3 + 81*w**2 - 343*w - 270. Give h(-85).
-15
Let n(a) = a**3 + 18*a**2 - 73*a - 137. What is n(-21)?
73
Let o(c) = -c**3 - 104*c**2 - 405*c - 503. Calculate o(-100).
-3
Let g(l) = -277*l + 1665. What is g(6)?
3
Let o(g) = 71*g + 104. Determine o(-2).
-38
Let g(u) = 47*u**2 - 37*u - 36. Determine g(-1).
48
Let m(j) = 70*j - 219. What is m(3)?
-9
Let r(n) = 7*n**2 + 49*n + 161. Calculate r(-5).
91
Let d(x) = -x**3 + 80*x**2 - 187*x + 2402. Determine d(78).
-16
Let o(y) = 499*y - 142722. What is o(286)?
-8
Let s(l) = 452*l - 901. Calculate s(2).
3
Let r(u) = -u**3 + 2*u**2 + u - 67. Give r(0).
-67
Let a(b) = -b**3 + 9*b**2 - 11*b + 51. Give a(9).
-48
Let i(q) = 3*q**2 - 100*q - 76. Calculate i(33).
-109
Let b(r) = 65*r + 455. What is b(-7)?
0
Let o(d) = 4*d**3 - 46*d**2 + 7*d - 380. Give o(12).
-8
Let g(b) = 16*b**2 - 120*b + 8. Calculate g(8).
72
Let g(j) = -8*j**2 + 6*j - 1. What is g(-2)?
-45
Let w(j) = 144*j - 9937. Calculate w(69).
-1
Let n(j) = -4*j**2 + 91*j - 378. Determine n(17).
13
Let h(i) = 2*i**3 - 3*i**2 + 3*i - 3. Determine h(0).
-3
Let o(l) = -29*l - 102. Give o(-7).
101
Let v(s) = -3*s**2 + 629*s + 1900. Give v(-3).
-14
Let h(l) = l**2 - 64*l + 450. What is h(63)?
387
Let f(r) = -16*r**2 + 38*r + 344. Give f(6).
-4
Let h(z) = 10573*z + 3. Calculate h(0).
3
Let f(t) = -12*t**2 - 164*t + 443. Give f(-16).
-5
Let b(n) = -4098*n + 16395. Determine b(4).
3
Let v(m) = -m**3 + 3*m**2 + m - 34. Determine v(-6).
284
Let x(b) = -46*b**2 + 146*b - 4. Calculate x(-2).
-480
Let n(v) = 876*v - 3511. What is n(4)?
-7
Let h(c) = -c**2 - 3*c + 14756. What is h(-123)?
-4
Let c(g) = g**2 - 22*g - 193. Give c(34).
215
Let h(v) = -7759*v + 23276. What is h(3)?
-1
Let y(w) = -w**3 + 12*w**2 - 57*w + 199. Give y(8).
-1
Let j(d) = -d**3 - 9*d**2 + 22*d + 237. Calculate j(-9).
39
Let z(m) = -1510*m + 16613. Calculate z(11).
3
Let o(m) = -36*m**2 + 806*m + 506. Determine o(23).
0
Let s(v) = 46*v**2 - 50*v - 32. What is s(-1)?
64
Let r(s) = 5*s + 149. Give r(-27).
14
Let w(o) = -o**3 - 45*o**2 - 157*o + 414. Determine w(-41).
127
Let b(j) = j**3 + 300*j**2 + 893*j + 18. Determine b(-3).
12
Let c(u) = -76*u + 519. Calculate c(3).
291
Let q(j) = -280*j + 1806. Determine q(7).
-154
Let s(t) = -3*t**2 + 215*t + 133. Calculate s(72).
61
Let y(c) = 129*c - 31. Calculate y(-1).
-160
Let g(i) = 201*i - 236. Determine g(1).
-35
Let a(t) = -t**3 + 73*t**2 - 394*t - 519. Give a(67).
17
Let d(b) = b**3 + 39*b**2 + 72*b + 46. Determine d(-37).
120
Let f(o) = -70*o + 209. Give f(5).
-141
Let v(o) = 805*o - 1614. Calculate v(2).
-4
Let u(o) = 2*o**2 + 32*o - 127. What is u(-18)?
-55
Let n(t) = t**3 + 18*t**2 + 31*t + 39. Give n(-11).
545
Let g(r) = -11*r**3 - 11*r + 11. Determine g(1).
-11
Let g(x) = -x**3 + 3*x**2 + 71*x - 13. Calculate g(10).
-3
Let n(p) = -17*p**2 + 63*p + 66. Give n(8).
-518
Let v(s) = -42*s + 3330. What is v(79)?
12
Let r(v) = 2*v**3 + 9*v**2 - 1254*v - 5032. What is r(-4)?
0
Let g(s) = -s**3 - 79*s**2 - 374*s - 5550. Calculate g(-75).
0
Let v(l) = -5*l**2 - 472*l - 185. Calculate v(-94).
3
Let z(o) = -o**3 - 19*o**2 + 19*o - 18. What is z(-6)?
-600
Let l(s) = 664*s - 3978. What is l(6)?
6
Let y(i) = i**3 - 24*i**2 - 110*i + 2126. What is y(25)?
1
Let l(t) = 2*t**2 + 31*t - 78. Determine l(-15).
-93
Let v(c) = -31*c + 740. Determine v(25).
-35
Let b(l) = -76*l + 699. Calculate b(10).
-61
Let w(z) = -8*z**2 - 43*z - 317. Give w(-8).
-485
Let p(i) = -3*i**2 + 39*i - 534. Determine p(0).
-534
Let m(g) = -9*g**2 - 8*g - 19. Determine m(-2).
-39
Let w(y) = -283*y - 7352. Calculate w(-26).
6
Let j(u) = u**3 - 9*u**2 - 7*u - 17. Give j(10).
13
Let x(a) = a**3 + a**2 + 15*a + 427. Calculate x(0).
427
Let z(n) = -18*n**2 + 484*n - 408. Determine z(26).
8
Let r(f) = 51*f**2 - 20*f - 22. Calculate r(-1).
49
Let n(g) = 664*g - 15935. Give n(24).
1
Let l(o) = 3*o**2 + 170*o + 480. Give l(-3).
-3
Let c(b) = 2*b**3 - 6*b**2 + 8*b - 2. What is c(5)?
138
Let v(k) = 821*k - 150239. Give v(183).
4
Let n(k) = -2*k - 76. Give n(-7).
-62
Let j(p) = 86*p + 693. Determine j(-8).
5
Let g(v) = 5*v**2 - 75*v - 110. Give g(16).
-30
Let w(n) = -2*n**3 + 110*n**2 - 110*n - 130. Calculate w(54).
-238
Let l(j) = -111*j - 198. What is l(-2)?
24
Let m(f) = 947*f - 42621. Give m(45).
-6
Let j(h) = -2*h**2 - 10*h + 13. Determine j(-6).
1
Let k(o) = -o**2 - 1910*o - 20884. What is k(-11)?
5
Let c(f) = -f**2 - 53*f + 750. Calculate c(-65).
-30
Let o(h) = -2*h**3 - 187*h**2 - 87*h + 579. What is o(-93)?
21
Let l(v) = v**2 + 26*v - 207. What is l(7)?
24
Let m(k) = -k**2 - 23*k + 78. What is m(0)?
78
Let f(k) = -10*k**2 + 2*k - 11. Give f(5).
-251
Let 